 remainder when 88730116 is divided by 628?
624
Calculate the remainder when 36700714 is divided by 1014.
1012
What is the remainder when 62465787 is divided by 15?
12
What is the remainder when 151704 is divided by 7209?
315
Calculate the remainder when 330460 is divided by 161978.
6504
Calculate the remainder when 8579125 is divided by 1088.
245
What is the remainder when 1083515 is divided by 361154?
53
Calculate the remainder when 364829 is divided by 8891.
298
What is the remainder when 11017 is divided by 1104?
1081
What is the remainder when 76694125 is divided by 3021?
3019
What is the remainder when 183544 is divided by 169?
10
Calculate the remainder when 237369 is divided by 2580.
9
What is the remainder when 115675 is divided by 113560?
2115
Calculate the remainder when 2401685 is divided by 2555.
2540
Calculate the remainder when 1165104 is divided by 229.
181
What is the remainder when 42065 is divided by 42019?
46
What is the remainder when 4735511 is divided by 140?
11
Calculate the remainder when 174212 is divided by 5019.
3566
Calculate the remainder when 22688 is divided by 7501.
185
What is the remainder when 73381 is divided by 397?
333
Calculate the remainder when 192515 is divided by 687.
155
Calculate the remainder when 1461225 is divided by 1170.
1065
Calculate the remainder when 13697383 is divided by 39.
37
Calculate the remainder when 1325722 is divided by 804.
730
Calculate the remainder when 51496210 is divided by 254.
250
Calculate the remainder when 394444 is divided by 5559.
5314
Calculate the remainder when 5356735 is divided by 10.
5
Calculate the remainder when 12366478 is divided by 654.
646
Calculate the remainder when 1380943 is divided by 345235.
3
Calculate the remainder when 95799 is divided by 13598.
613
Calculate the remainder when 29629255 is divided by 7407306.
31
What is the remainder when 1216354 is divided by 1216267?
87
What is the remainder when 212933 is divided by 8845?
653
Calculate the remainder when 318609 is divided by 44337.
8250
What is the remainder when 810315 is divided by 32?
11
Calculate the remainder when 2451173 is divided by 306395.
13
Calculate the remainder when 1013538 is divided by 202698.
48
What is the remainder when 53619778 is divided by 1019?
1017
Calculate the remainder when 1800135 is divided by 1800132.
3
Calculate the remainder when 1185330 is divided by 36.
30
What is the remainder when 814970 is divided by 1102?
592
What is the remainder when 186259 is divided by 6899?
6885
What is the remainder when 1645924 is divided by 36?
4
What is the remainder when 5080003 is divided by 5080?
3
What is the remainder when 152336 is divided by 1859?
1757
What is the remainder when 7206913 is divided by 3603433?
47
What is the remainder when 47460080 is divided by 14?
10
What is the remainder when 41354494 is divided by 744?
742
What is the remainder when 6055287 is divided by 312?
303
Calculate the remainder when 142796711 is divided by 155.
16
What is the remainder when 1737757 is divided by 10860?
157
Calculate the remainder when 2129476 is divided by 766.
762
What is the remainder when 7038001 is divided by 1147?
9
Calculate the remainder when 229825 is divided by 36.
1
What is the remainder when 67931 is divided by 81?
53
What is the remainder when 2698786 is divided by 2698594?
192
What is the remainder when 615929 is divided by 202?
31
What is the remainder when 1367473 is divided by 627?
613
Calculate the remainder when 1043267 is divided by 575.
217
Calculate the remainder when 1110477 is divided by 3548.
3501
What is the remainder when 17013717 is divided by 193?
188
Calculate the remainder when 926726 is divided by 5422.
4986
Calculate the remainder when 65981168 is divided by 387.
377
What is the remainder when 81836 is divided by 19220?
4956
What is the remainder when 2113924 is divided by 146?
136
Calculate the remainder when 12538995 is divided by 388.
387
What is the remainder when 346582 is divided by 4443?
28
Calculate the remainder when 2592010 is divided by 69.
25
What is the remainder when 17680434 is divided by 12?
6
What is the remainder when 63130620 is divided by 46?
36
What is the remainder when 4275642 is divided by 2386?
2316
What is the remainder when 2744924 is divided by 873?
212
What is the remainder when 999545 is divided by 7747?
182
Calculate the remainder when 1368690 is divided by 404.
342
Calculate the remainder when 2869560 is divided by 1434683.
194
Calculate the remainder when 22303 is divided by 744.
727
What is the remainder when 9265659 is divided by 151?
148
What is the remainder when 5307119 is divided by 208?
207
What is the remainder when 5537147 is divided by 956?
951
Calculate the remainder when 250199 is divided by 198.
125
What is the remainder when 652662 is divided by 334?
26
Calculate the remainder when 95080089 is divided by 45.
39
Calculate the remainder when 21202868 is divided by 22.
16
What is the remainder when 47910170 is divided by 203873?
15
Calculate the remainder when 522303 is divided by 2418.
15
What is the remainder when 21204686 is divided by 157?
109
What is the remainder when 226550 is divided by 102?
8
What is the remainder when 35186750 is divided by 833?
830
Calculate the remainder when 49913993 is divided by 761.
3
What is the remainder when 14589 is divided by 588?
477
What is the remainder when 265761827 is divided by 916?
915
What is the remainder when 1422 is divided by 704?
14
Calculate the remainder when 2228705 is divided by 7236.
17
Calculate the remainder when 9452509 is divided by 75620.
9
Calculate the remainder when 34809899 is divided by 155.
154
Calculate the remainder when 3493533 is divided by 1994.
45
Calculate the remainder when 1790185 is divided by 57746.
59
Calculate the remainder when 21177122 is divided by 122.
118
Calculate the remainder when 25204403 is divided by 2042.
2039
Calculate the remainder when 3449020 is divided by 117.
94
Calculate the remainder when 25746627 is divided by 1365.
1362
What is the remainder when 204544662 is divided by 24?
6
What is the remainder when 21257 is divided by 10353?
551
Calculate the remainder when 1590255 is divided by 5248.
111
What is the remainder when 27564900 is divided by 171210?
90
What is the remainder when 56922180 is divided by 9?
6
What is the remainder when 1102465 is divided by 1093?
721
What is the remainder when 143614 is divided by 17950?
14
Calculate the remainder when 26044781 is divided by 33.
26
Calculate the remainder when 42486 is divided by 532.
458
What is the remainder when 241973 is divided by 60464?
117
What is the remainder when 13062707 is divided by 81?
80
Calculate the remainder when 9200 is divided by 1711.
645
What is the remainder when 553572 is divided by 184493?
93
Calculate the remainder when 14260729 is divided by 2422.
2415
Calculate the remainder when 10090684 is divided by 1995.
1969
What is the remainder when 18720543 is divided by 674?
193
Calculate the remainder when 27024 is divided by 385.
74
What is the remainder when 228485 is divided by 8020?
3925
What is the remainder when 1296272 is divided by 2939?
173
What is the remainder when 23972554 is divided by 1443?
1438
Calculate the remainder when 156554 is divided by 51970.
644
Calculate the remainder when 35782 is divided by 1059.
835
What is the remainder when 97844680 is divided by 9?
1
What is the remainder when 2994052 is divided by 374250?
52
Calculate the remainder when 10581477 is divided by 76.
73
What is the remainder when 26071058 is divided by 8183?
20
What is the remainder when 179931 is divided by 9467?
58
Calculate the remainder when 1914057 is divided by 61.
60
What is the remainder when 143872261 is divided by 376?
373
Calculate the remainder when 3752026 is divided by 14.
12
Calculate the remainder when 167406 is divided by 774.
222
What is the remainder when 42666867 is divided by 540086?
73
Calculate the remainder when 2028526 is divided by 676173.
7
Calculate the remainder when 1106752 is divided by 113.
30
Calculate the remainder when 426140 is divided by 422520.
3620
Calculate the remainder when 6777818 is divided by 4.
2
What is the remainder when 718978 is divided by 55300?
78
Calculate the remainder when 11034459 